18068349?
8
What is the units digit of 3332755?
5
What is the thousands digit of 1590976?
0
What is the tens digit of 132759?
5
What is the hundreds digit of 5446567?
5
What is the millions digit of 18639329?
8
What is the units digit of 289797?
7
What is the tens digit of 206642?
4
What is the tens digit of 584109?
0
What is the ten millions digit of 12874727?
1
What is the thousands digit of 12120764?
0
What is the hundreds digit of 977437?
4
What is the tens digit of 1613911?
1
What is the ten thousands digit of 4767590?
6
What is the millions digit of 23375833?
3
What is the millions digit of 4615837?
4
What is the units digit of 9653777?
7
What is the ten thousands digit of 1750667?
5
What is the hundred thousands digit of 1947775?
9
What is the hundreds digit of 565828?
8
What is the thousands digit of 202336?
2
What is the tens digit of 97231?
3
What is the tens digit of 680478?
7
What is the ten thousands digit of 288217?
8
What is the units digit of 710336?
6
What is the hundred thousands digit of 931401?
9
What is the hundreds digit of 113094?
0
What is the ten thousands digit of 250760?
5
What is the tens digit of 27973211?
1
What is the ten thousands digit of 10023393?
2
What is the hundred thousands digit of 223234?
2
What is the hundreds digit of 213294?
2
What is the hundreds digit of 3023133?
1
What is the thousands digit of 234743?
4
What is the units digit of 743664?
4
What is the units digit of 552414?
4
What is the thousands digit of 6528994?
8
What is the tens digit of 38719?
1
What is the millions digit of 10631592?
0
What is the hundreds digit of 3094477?
4
What is the thousands digit of 5598753?
8
What is the thousands digit of 780187?
0
What is the thousands digit of 25412?
5
What is the tens digit of 2771330?
3
What is the millions digit of 2829602?
2
What is the ten thousands digit of 285558?
8
What is the tens digit of 1704830?
3
What is the hundreds digit of 1552183?
1
What is the hundreds digit of 456012?
0
What is the tens digit of 4704740?
4
What is the thousands digit of 595379?
5
What is the tens digit of 667995?
9
What is the thousands digit of 380477?
0
What is the ten thousands digit of 6968944?
6
What is the hundred thousands digit of 1144067?
1
What is the hundreds digit of 937516?
5
What is the units digit of 561691?
1
What is the units digit of 856152?
2
What is the hundred thousands digit of 13562847?
5
What is the millions digit of 1339432?
1
What is the tens digit of 945070?
7
What is the millions digit of 2113010?
2
What is the units digit of 2959195?
5
What is the hundreds digit of 341912?
9
What is the hundreds digit of 228182?
1
What is the tens digit of 76603?
0
What is the thousands digit of 321848?
1
What is the tens digit of 16962802?
0
What is the millions digit of 12243726?
2
What is the hundred thousands digit of 216128?
2
What is the tens digit of 1268461?
6
What is the hundred thousands digit of 1686458?
6
What is the hundreds digit of 609777?
7
What is the tens digit of 39109?
0
What is the ten thousands digit of 33973270?
7
What is the hundreds digit of 332534?
5
What is the ten thousands digit of 531979?
3
What is the ten thousands digit of 249944?
4
What is the thousands digit of 2042394?
2
What is the tens digit of 1148106?
0
What is the units digit of 7449329?
9
What is the tens digit of 32897398?
9
What is the units digit of 1389550?
0
What is the millions digit of 4248546?
4
What is the hundreds digit of 471138?
1
What is the units digit of 28075?
5
What is the tens digit of 1198906?
0
What is the hundred thousands digit of 5773593?
7
What is the units digit of 19894335?
5
What is the ten thousands digit of 639842?
3
What is the tens digit of 1612382?
8
What is the millions digit of 1150661?
1
What is the hundreds digit of 1343006?
0
What is the tens digit of 270355?
5
What is the ten thousands digit of 1378359?
7
What is the tens digit of 8278652?
5
What is the units digit of 8133988?
8
What is the ten millions digit of 13604931?
1
What is the thousands digit of 69619?
9
What is the ten thousands digit of 487492?
8
What is the tens digit of 9473924?
2
What is the hundred thousands digit of 9120260?
1
What is the ten thousands digit of 2057963?
5
What is the millions digit of 5766844?
5
What is the units digit of 8962140?
0
What is the ten thousands digit of 12028683?
2
What is the units digit of 10504551?
1
What is the ten thousands digit of 4779778?
7
What is the thousands digit of 1183968?
3
What is the thousands digit of 3603260?
3
What is the tens digit of 118495?
9
What is the ten thousands digit of 724765?
2
What is the millions digit of 1507892?
1
What is the tens digit of 413153?
5
What is the thousands digit of 1547684?
7
What is the hundred thousands digit of 27098396?
0
What is the hundred thousands digit of 338467?
3
What is the hundred thousands digit of 826955?
8
What is the hundred thousands digit of 480644?
4
What is the thousands digit of 822932?
2
What is the thousands digit of 6884477?
4
What is the ten thousands digit of 981094?
8
What is the tens digit of 737853?
5
What is the tens digit of 4036396?
9
What is the ten thousands digit of 2164067?
6
What is the ten thousands digit of 1459290?
5
What is the hundreds digit of 1131167?
1
What is the ten thousands digit of 6070564?
7
What is the hundred thousands digit of 124768?
1
What is the tens digit of 1320849?
4
What is the tens digit of 1027321?
2
What is the tens digit of 279756?
5
What is the thousands digit of 137050?
7
What is the hundred thousands digit of 281811?
2
What is the hundred thousands digit of 1050459?
0
What is the hundreds digit of 1150977?
9
What is the millions digit of 7196549?
7
What is the millions digit of 1676483?
1
What is the hundred thousands digit of 244687?
2
What is the tens digit of 22549902?
0
What is the hundreds digit of 309645?
6
What is the thousands digit of 1261233?
1
What is the thousands digit of 416489?
6
What is the millions digit of 2102871?
2
What is the tens digit of 167935?
3
What is the thousands digit of 2648649?
8
What is the tens digit of 2871387?
8
What is the hundred thousands digit of 458204?
4
What is the hundreds digit of 2130341?
3
What is the units digit of 877908?
8
What is the millions digit of 1930956?
1
What is the ten thousands digit of 17905829?
0
What is the hundred thousands digit of 5444719?
4
What is the thousands digit of 19483635?
3
What is the thousands digit of 1767018?
7
What is the thousands digit of 1525072?
5
What is the ten thousands digit of 1677752?
7
What is the ten thousands digit of 22374234?
7
What is the units digit of 389597?
7
What is the units digit of 1999035?
5
What is the tens digit of 31992478?
7
What is the thousands digit of 27344535?
4
What is the hundred thousands digit of 7916781?
9
What is the tens digit of 3040335?
3
What is the hundreds digit of 12477376?
3
What is the hundreds digit of 346310?
3
What is the units digit of 555367?
7
What is the hundreds digit of 2180042?
0
What is the thousands digit of 8112333?
2
What is the ten thousands digit of 3283771?
8
What is the ten thousands digit of 409236?
0
What is the tens digit of 2559592?
9
What is the ten thousands digit of 312549?
1
What is the hundred thousands digit of 14952904?
9
What is the hundreds digit of 224700?
7
What is the hundred thousands digit of 294890?
2
What is the hundreds digit of 191261?
2
What is the tens digit of 415298?
9
What is the tens digit of 1607276?
7
What is the hundred thousands digit of 1913131?
9
What is the millions digit of 19574295?
9
What is the ten thousands digit of 268859?
6
What is the hundreds digit of 184061?
0
What is the tens digit of 7005227?
2
What is the units digit of 6270769?
9
What is the ten thousands digit of 458961?
5
What is the hundred thousands digit of 2477897?
4
What is the thousands digit of 162373?
2
What is the hundred thousands digit of 2385071?
3
What is the ten thousands digit of 69836?
6
What is the hundreds digit of 101456?
4
What is the units digit of 36379836?
6
What is the units digit of 346566?
6
What is the units digit of 33102375?
5
What is the hundred thousands digit of 834700?
8
What is the ten thousands digit of 10599262?
9
What is the tens digit of 252676?
7
What is the ten thou